
True
Does 31 divide 118808?
False
Is 2 a factor of 154927?
False
Is 143388 a multiple of 252?
True
Is 27 a factor of 1070820?
True
Is 243616 a multiple of 80?
False
Is 5422265 a multiple of 111?
False
Is 117 a factor of 1257984?
True
Does 559 divide 1252160?
True
Is 88031 a multiple of 47?
True
Is 14 a factor of 53483?
False
Does 45 divide 1082524?
False
Does 315 divide 76154?
False
Is 9 a factor of 1992?
False
Is 34 a factor of 8741740?
True
Does 17 divide 615145?
True
Does 53 divide 1963438?
True
Does 206 divide 346286?
True
Is 155 a factor of 79528?
False
Is 1136801 even?
False
Is 37 a factor of 1190576?
False
Is 448 a factor of 1378496?
True
Is 1309 a factor of 1241685?
False
Is 707358 a multiple of 186?
True
Is 460955 a multiple of 17?
True
Does 249 divide 1150067?
False
Does 1241 divide 6229620?
False
Is 1099 a factor of 3012359?
True
Is 444742 a multiple of 84?
False
Does 22 divide 88986?
False
Is 331 a factor of 384716?
False
Does 68 divide 12975164?
False
Does 2 divide 1853011?
False
Is 583134 a multiple of 51?
True
Is 4495320 a multiple of 31?
False
Is 28 a factor of 82680?
False
Does 32 divide 8766003?
False
Is 129 a factor of 6652891?
False
Is 15 a factor of 33073?
False
Is 3127481 a multiple of 180?
False
Does 33 divide 482141?
False
Is 2491245 a multiple of 1035?
True
Is 4315416 a multiple of 10?
False
Does 182 divide 999163?
False
Is 12209349 a multiple of 113?
False
Does 386 divide 51725?
False
Is 81 a factor of 41425?
False
Is 4856694 a multiple of 16?
False
Does 80 divide 1355760?
True
Does 805 divide 20764975?
True
Is 14952588 a multiple of 849?
True
Is 14202867 a multiple of 651?
True
Is 3 a factor of 102337?
False
Is 4021677 a multiple of 7?
False
Is 320406 a multiple of 68?
False
Is 84 a factor of 183960?
True
Does 13 divide 1250522?
True
Is 2645237 even?
False
Is 10 a factor of 1873840?
True
Does 23 divide 4386069?
False
Does 73 divide 47531?
False
Does 31 divide 378262?
True
Does 7 divide 58820?
False
Does 24 divide 9481?
False
Does 245 divide 8538005?
True
Is 180279 a multiple of 99?
True
Does 142 divide 15222?
False
Does 36 divide 3258638?
False
Is 10 a factor of 1840899?
False
Is 4 a factor of 51758?
False
Is 519580 a multiple of 30?
False
Is 81 a factor of 2920553?
False
Is 7296569 a multiple of 131?
True
Is 263040 a multiple of 411?
True
Does 94 divide 599870?
False
Is 19 a factor of 931665?
True
Is 373 a factor of 499820?
True
Is 21 a factor of 1535079?
True
Does 24 divide 207527?
False
Is 1571 a factor of 3596573?
False
Is 263 a factor of 1619028?
True
Is 197482 a multiple of 28?
False
Does 1184 divide 2484842?
False
Is 80016 a multiple of 89?
False
Is 16352052 a multiple of 154?
False
Is 92486 a multiple of 103?
False
Does 46 divide 751318?
True
Is 50 a factor of 1017144?
False
Is 22 a factor of 138405?
False
Does 30 divide 78210?
True
Is 4 a factor of 300152?
True
Is 147 a factor of 47775?
True
Does 4 divide 71067?
False
Is 800979 a multiple of 25?
False
Is 1309 a factor of 2506735?
True
Is 41 a factor of 1269086?
False
Is 44 a factor of 101356?
False
Does 49 divide 3747209?
False
Is 344416 a multiple of 188?
True
Is 11894548 a multiple of 29?
False
Is 19505137 a multiple of 118?
False
Does 279 divide 686340?
True
Is 1472734 a multiple of 386?
False
Is 100717 a multiple of 3?
False
Is 34598 a multiple of 9?
False
Is 14129 a multiple of 40?
False
Does 441 divide 1360885?
False
Does 135 divide 858195?
True
Is 91205 a multiple of 185?
True
Is 23735880 a multiple of 280?
True
Is 231 a factor of 97713?
True
Is 381440 a multiple of 8?
True
Is 29124 even?
True
Is 44 a factor of 63088?
False
Is 4637 a multiple of 5?
False
Is 5719 a multiple of 23?
False
Does 87 divide 1824303?
True
Is 18 a factor of 110970?
True
Is 7 a factor of 10927?
True
Is 127 a factor of 7106949?
False
Is 261252 a multiple of 54?
True
Does 3 divide 648807?
True
Is 622 a factor of 199662?
True
Is 72267 a multiple of 39?
True
Is 10671937 a multiple of 20?
False
Is 24 a factor of 36744?
True
Does 45 divide 254700?
True
Does 122 divide 10614?
True
Is 12 a factor of 3791520?
True
Is 9 a factor of 9756?
True
Is 89856 a multiple of 2?
True
Is 65 a factor of 212680?
True
Is 152931 a multiple of 235?
False
Is 14 a factor of 316596?
True
Is 42782 a multiple of 3?
False
Is 64 a factor of 24740168?
False
Does 198 divide 8743086?
True
Does 162 divide 2979018?
True
Does 296 divide 529544?
True
Is 2 a factor of 143335?
False
Is 42 a factor of 78293?
False
Is 1888321 a multiple of 6?
False
Is 353395 a multiple of 74?
False
Is 9 a factor of 1606?
False
Does 632 divide 656099?
False
Is 3 a factor of 11903?
False
Does 44 divide 1215929?
False
Is 80 a factor of 104560?
True
Is 150 a factor of 72729?
False
Does 8 divide 55416?
True
Is 137 a factor of 10312264?
True
Does 41 divide 3034533?
True
Is 5 a factor of 2919311?
False
Does 140 divide 849940?
True
Is 81731 a multiple of 3?
False
Is 609235 a multiple of 114?
False
Is 8 a factor of 328441?
False
Is 627 a factor of 820265?
False
Is 16164 a multiple of 8?
False
Is 13 a factor of 134329?
True
Is 9602698 a multiple of 12?
False
Is 144 a factor of 467649?
False
Does 174 divide 4190438?
False
Does 106 divide 4383948?
True
Is 556176 a multiple of 16?
True
Does 875 divide 1096807?
False
Does 79 divide 409931?
True
Is 116406 a multiple of 261?
True
Is 205009 a multiple of 14?
False
Is 357 a factor of 38847?
False
Is 227 a factor of 1187210?
True
Is 19 a factor of 120498?
True
Is 309998 a multiple of 2?
True
Does 40 divide 821342?
False
Does 12 divide 1422147?
False
Is 208842 a multiple of 6?
True
Does 154 divide 2616415?
False
Is 66 a factor of 282225?
False
Does 10 divide 118346?
False
Does 16 divide 15004112?
True
Is 176 a factor of 6083584?
False
Does 22 divide 51161?
False
Is 104742 a multiple of 138?
True
Is 935180 a multiple of 460?
True
Does 36 divide 129420?
True
Does 216 divide 6912?
True
Is 328 a factor of 83312?
True
Is 53 a factor of 4133682?
True
Does 5 divide 254040?
True
Is 135 a factor of 17302573?
False
Does 6 divide 58780?
False
Does 367 divide 16148?
True
Does 137 divide 557179?
True
Does 1535 divide 15089831?
False
Is 724396 a multiple of 2?
True
Is 24 a factor of 1401775?
False
Is 473575 a multiple of 19?
True
Is 7133040 a multiple of 18?
True
Is 75 a factor of 41100?
True
Is 17 a factor of 1089938?
True
Does 3 divide 219900?
True
Is 6160847 a multiple of 13?
False
Does 18 divide 167274?
True
Does 14 divide 1689268?
True
Is 7 a factor of 139517?
True
Is 683870 a multiple of 22?
True
Is 3440720 a multiple of 13?
False
Is 14 a factor of 7918708?
True
Is 1626584 a multiple of 11?
False
Is 117201 a multiple of 551?
False
Is 99000 a multiple of 125?
True
Is 1722001 a multiple of 107?
False
Is 9 a factor of 135486?
True
Does 195 divide 302916?
False
Does 10 divide 1381480?
True
Does 602 divide 182817?
False
Does 1068 divide 3503366?
False
Is 1083335 a multiple of 170?
False
Is 337 a factor of 499097?
True
Does 52 divide 3928203?
False
Is 32313 even?
False
Does 28 divide 198632?
True
Is 4680620 a multiple of 938?
True
Is 18636816 a multiple of 33?
True
Is 40124 a multiple of 127?
False
Is 43 a factor of 4665896?
False
Does 195 divide 1558245?
True
Is 195764 a multiple of 109?
True
Does 7 divide 15272?
False
Does 224 divide 61942?
False
Is 6 a factor of 127044?
True
Is 490084 a multiple of 14?
True
Is 416149 a multiple of 331?
False
Is 30456 a multiple of 94?
True
Is 12 a factor of 51660?
True
Does 33 divide 593548?
False
Is 9 a factor of 595101?
False
Is 11844 a multiple of 126?
True
Is 630581 a multiple of 201?
False
Does 50 divide 6297750?
True
Is 104643 a multiple of 11?
True
Does 17 divide 134623?
True
Does 105 divide 562380?
True
Is 14 a factor of 17833?
False
Is 7 a factor of 22747?
False
Does 5 divide 151150?
True
Does 96 divide 3922506?
False
Is 41302 a multiple of 15?
False
Does 330 divide 481691?
False
Is 646 a factor of 1545402?
False
Is 10 a factor of 48561?
False
Is 7876 a multiple of 43?
False
Is 6 a factor of 2750064?
True
Does 40 divide 551560?
True
Does 285 divide 267900?
True
Is 566 a factor of 7100470?
True
Is 105198 a multiple of 6?
True
Does 21 divide 135870?
True
Does 890 divide 7160940?
True
Does 118 divide 1346252?
False
Does 48 divide 341699?
False
Is 259 a factor of 303281?
Fal